et r(x) = 12*x**2 + 334*x + 157. Is r(73) prime?
False
Suppose 106395 - 10055 = 4*x. Let u = -16848 + x. Is u a composite number?
False
Let y = 30554 + -15633. Is y a composite number?
True
Suppose 56*f - 643447 = 878577. Is f composite?
False
Let v be (16/(-4))/(-2) - -3. Suppose 0 = -v*r + 2*a - 60, 3*r - 2*r - a = -12. Is 6/8 + (98553/r)/(-7) prime?
False
Let p(l) = 48*l**3 + 2*l**2 + 4*l + 121. Is p(9) a prime number?
True
Suppose 35*s = -74*s + 2664287. Is s prime?
True
Let b(y) = y**3 - 18*y**2 + 25*y - 24. Let r be b(17). Suppose 62 = -5*c + r. Suppose 18420 = c*t + 2*t. Is t composite?
True
Suppose 2 = -o + 2*o. Let a(z) = 81*z - 4. Let x be a(o). Is ((-2)/1)/((-4)/x) a composite number?
False
Suppose -s + 19 = -3*w - 12, 2*w - 8 = 0. Let v = 45 - s. Is v/(30/10101) + (-8)/20 prime?
True
Let x(j) = -10972*j**2 - 3*j - 2. Let v(r) = -32917*r**2 - 9*r - 6. Let t(k) = 2*v(k) - 7*x(k). Is t(-1) prime?
False
Is (-408)/884 + (-3333498)/(-26) a composite number?
True
Suppose 227*c + 14*c = -0*c + 75838121. Is c composite?
True
Is ((-2660748)/27)/(616/(-2772)) a prime number?
False
Suppose -2*v - 3*x = -3172, 3977 - 797 = 2*v + x. Suppose 16*n = 8*n + v. Is n prime?
True
Suppose 30*c = 27*c. Suppose c = 9*r + 4 + 5. Is (-303)/(-3 - (r + -1)) composite?
True
Let r(q) = -q**2 - 18*q - 34. Let c be r(-2). Is 0 - (5 + c) - (-3 - 419) composite?
False
Let v = -38 - -40. Suppose 0 = -5*j - 4*z + 41, -v*j + j = 2*z - 13. Suppose -r = -j*r + 4*s + 24, 0 = -r - 5*s + 36. Is r composite?
False
Let z(l) = l**3 + 72*l**2 - 24*l + 2093. Is z(48) a composite number?
False
Let b be 12/(-20) - 69/(-15). Suppose -2*i - b*l = 184, -4*i = 5*l + 335 + 30. Let r = 23 - i. Is r a composite number?
False
Suppose -4*v = 4*a - 664836, -2*v + 220137 = 4*a - 112273. Is v prime?
False
Suppose a + x = 4073, 0 = -593*a + 589*a + 5*x + 16256. Is a composite?
True
Let u(k) = 2*k**3 + k + 4. Let p be u(-3). Let z = -46 - p. Let v(f) = f**2 + 4*f + 2. Is v(z) composite?
False
Let j be (-4213)/44*(-4 - 4). Let m = j - -3043. Is m a composite number?
True
Suppose -405826 = -l + 4*u + 55389, 0 = -3*l + 3*u + 1383681. Is l prime?
False
Let i be ((-2)/2)/(9/(-81)). Let f(j) = -4*j - 2*j + 3*j + 12*j - 28. Is f(i) prime?
True
Let s be -3 + -30 + 3/3. Let c = s + 32. Suppose 2*m + 5*p = -328 + 1301, -2*m - 3*p + 967 = c. Is m prime?
True
Suppose -511*t + 528*t = 2878219. Is t composite?
False
Suppose o = 3*v - 4 + 17, -5*o + 97 = v. Suppose -o = -5*b + 6. Is (4 + b + -862)*-1 a composite number?
False
Suppose -30349303 - 2658703 = -94*w. Is w prime?
False
Let s = 100 - 101. Let c be (s/2)/((-6)/12). Let n(v) = 53*v**3 + v - 1. Is n(c) composite?
False
Suppose -9*n + 4*x = -1637143, 2*n + 31*x = 34*x + 363818. Is n a prime number?
True
Suppose 5*f = -3*t + 4*f + 17422, 0 = 2*t - 3*f - 11633. Is t prime?
False
Let r = 98 - 87. Let g(z) = 2*z**3 - 5*z**2 - 25*z + 17. Is g(r) composite?
True
Suppose -2*d + 44*x = 40*x - 69010, 3*d = 3*x + 103500. Is d prime?
False
Let r(l) = 2*l**2 + 54*l + 6. Let m be r(-27). Let q = 763 + m. Is q a prime number?
True
Suppose -2*h - o = 1597, 0 = -h - 8*o + 11*o - 802. Let w = h + 5708. Is w composite?
False
Let i = -850178 + 1229677. Is i a prime number?
True
Let s be -9 - (-10)/5*(4 - 2). Is (-953 + s)*63/(-18) composite?
True
Let j be (165/66)/(-2 + (-77765)/(-38882)). Suppose j = 5*a - 0*a + 5*m, -a = 3*m - 19441. Is a prime?
True
Suppose -2*l + 12*o = 14*o - 103260, -l = -4*o - 51635. Is l a composite number?
False
Let y = 21 - 30. Let v be (-1)/(((-16)/72)/(-2)). Is (-2)/y + (-1717)/v a prime number?
True
Let j(h) = 45*h**3 + 2*h**2 - 3*h + 3. Let k be j(3). Suppose 2*z + 4*m = 1070, 3*z - k = -3*m + 372. Let g = z + -104. Is g composite?
True
Suppose -15 = -3*y, 7*w - 1 = 4*w + 4*y. Let l(o) = -o**2 + 5*o + 8. Let h be l(w). Is (11/(-2) - h)/(2/1228) prime?
True
Is 0 + 4954*(3 - -8) + 3/(-3) a prime number?
True
Let m(d) = -41*d**3 - 24*d**2 - 159*d - 27. Is m(-8) composite?
True
Let z = 0 - 1. Let y = 856 - 668. Is y/1 - (z + -2) composite?
False
Suppose 5*m = -2*c + 358653, -3*m + 375*c - 371*c = -215197. Is m a composite number?
True
Let k = -267820 - -1450877. Is k a composite number?
False
Let d = 3 + 9. Suppose -d*v = -3033 + 825. Let k = v + 435. Is k a composite number?
False
Let k = -162 - -164. Suppose -4*v = -v - 5*t - 1633, -k*v + 1072 = 5*t. Is v composite?
False
Let z(p) = p**3 + 7*p**2 + 5*p - 4. Let n be z(-6). Suppose -1301 = -n*w + 231. Is w/2 - (-72)/(-18) a composite number?
False
Let g = -805 + 383. Let b be (1/1)/((-5)/(-3 + g)). Let j = b - -182. Is j a composite number?
True
Let v(k) = -20*k + 21. Let j(l) = -2*l + 1. Let i(y) = 2*j(y) - v(y). Let s = 19 + -11. Is i(s) composite?
False
Suppose -58*k + 270904 + 243330 - 123836 = 0. Is k a composite number?
True
Let f be (-3)/12*88*-1. Let m(y) = 303*y - 167. Is m(f) a composite number?
True
Let v(l) = -8794*l - 933. Is v(-5) composite?
False
Let u = -23319 + 56054. Is u a composite number?
True
Let c(d) = -3*d**3 + 12*d**2 - 21*d - 15. Let j be c(11). Is (j/6 + 5)*-34 composite?
True
Suppose 128674 = 25*t - 501801. Is t a composite number?
False
Let s(x) = 48*x**3 + x**2 - 2*x - 3. Let w be s(-1). Let n = w + 1608. Is ((-1)/3)/((-8)/n) a composite number?
True
Suppose -110*m + 1559569 = -99*m. Is m composite?
True
Suppose 8*m - 20 - 52 = 0. Suppose r - 8075 = -6*f + 4*f, -m = -3*r. Suppose f = -b + 5*b. Is b a composite number?
False
Let u(y) = -11*y**2 + 8*y + 11. Suppose 0*h = 4*h + 52. Let a(b) = 5*b**2 - 4*b - 5. Let t(p) = h*a(p) - 6*u(p). Is t(2) a prime number?
True
Let n = 244095 - 141658. Is n composite?
False
Suppose 0 = 3*b - 3*a - 242805 - 488724, 975344 = 4*b + 3*a. Is b a prime number?
True
Suppose -r + 4*l + 26 = 0, -3*r - 2*l = l - 3. Is (-2 - 1)*(r + (-8490)/6) a prime number?
False
Let j(g) = -5*g**3 + 12*g**2 - 7*g - 26. Let q = -303 - -298. Is j(q) composite?
True
Let l(w) = 258*w**3 + 7*w + 10. Let a be (20/5 - 5)/(6/(-18)). Is l(a) prime?
True
Suppose 339539 = 3*h + c, -5*c - 319073 = -4*h + 133633. Is h a composite number?
True
Let o be 1*(3 - 4) - 106705/(-5). Suppose 10325 = 15*h - o. Is h a composite number?
False
Let f(h) = h**3 - 8*h**2 + 18. Suppose 4*b - 30 = -2*b. Suppose -d + 0*o + 16 = -o, -b*o = 15. Is f(d) composite?
False
Let s(u) = -64*u**2 - 16*u - 41. Let k be s(-12). Let x = -4604 - k. Is x a composite number?
True
Suppose 27630 = -11*l + 16*l. Let h = l - 3409. Suppose -481 = 4*r - h. Is r a prime number?
True
Let g(k) = 948*k**2 + 1. Let s = 3 - 1. Is g(s) composite?
False
Let a(f) = 171*f**3 + f**2 - 3*f + 4. Let m be a(3). Let d = -1311 + 1311. Suppose -5*g + q = -2*q - m, d = 3*g + 4*q - 2761. Is g a prime number?
False
Let h(v) be the second derivative of -895*v**3/6 - 99*v**2 - 124*v. Is h(-7) composite?
False
Let r be (-2)/(-4) + (251/2 - 4). Suppose r*s = 117*s + 5170. Suppose 0 = -3*g + 4*y + y + 1551, 3*y = 2*g - s. Is g a prime number?
False
Suppose v = 277068 - 50197. Is v prime?
True
Let a(b) = b**3 - 2*b**2 + 73*b + 77. Is a(26) prime?
True
Suppose 0 = -4*d + 2*u + 2282794, 0 = -5*d - u + 32415 + 2821095. Is d a prime number?
False
Let t = 363 + -334. Suppose -16764 = -15*r - t*r. Is r a composite number?
True
Let j = -96 + 89. Let x(h) = -2455*h + 156. Is x(j) a prime number?
True
Suppose 0 = -z + 5*g - 8, -5*g + 2 = 6*z - 5*z. Is (-154)/(-308)*z/((-6)/8644) a prime number?
True
Let t = -174 + 176. Suppose -t*n = 3*a - 1757, 4*a - 2636 = -3*n - a. Is n prime?
True
Suppose -r - 5 = 4*c, -4*r - 5*c - 3 = 6. Is r/15 + (-64804)/(-510) composite?
False
Is (((-627381)/(-3))/(-3))/(24/16 - 2) composite?
True
Let d be 204*6/(-4)*-4. Let l = 10145 + d. Is l composite?
False
Let d(m) = -4*m**3 + m**2 + 12*m + 65. Let q be -12 - (-8)/12*6. Is d(q) composite?
False
Let b(j) = j**3 + j**2 + 4*j + 107711. Is b(0) composite?
True
Is (53 - -4342832)*(-5 - 52/(-10)) a composite number?
False
Suppose -23867*m + 104132 = -23863*m. Is m composite?
True
Is (-4)/(-2)*13/(-156)*-22674 composite?
False
Let w = -8702 - -112161. Is w prime?
False
Suppose -2*s - 5*b = -586116, 4*b - 132533 = -5*s + 1332740. Is s prime?
False
Let y be (-25)/75 + 20213/(-3). Let x = y - -12175. Is x composite?
False
Suppose 977249 = 25*h - 4473926. Is h a com